{"id":13,"date":"2024-05-24T15:30:26","date_gmt":"2024-05-24T13:30:26","guid":{"rendered":"https:\/\/wc.demo.a3shop.eu\/?post_type=product&#038;p=13"},"modified":"2024-09-20T14:41:16","modified_gmt":"2024-09-20T12:41:16","slug":"testovacia-polozka-c-1","status":"publish","type":"product","link":"https:\/\/wc.stage.a3shop.eu\/?product=testovacia-polozka-c-1","title":{"rendered":"Testovacia polo\u017eka \u010d.1"},"content":{"rendered":"<p>Testovacia polo\u017eka \u010d.1<\/p>\n","protected":false},"excerpt":{"rendered":"<p>Testovacia polo\u017eka \u010d.1<\/p>\n","protected":false},"featured_media":14,"comment_status":"open","ping_status":"closed","template":"","meta":[],"product_brand":[],"product_cat":[15],"product_tag":[],"class_list":{"0":"post-13","1":"product","2":"type-product","3":"status-publish","4":"has-post-thumbnail","6":"product_cat-nezaradene","8":"first","9":"instock","10":"taxable","11":"shipping-taxable","12":"purchasable","13":"product-type-simple"},"_links":{"self":[{"href":"https:\/\/wc.stage.a3shop.eu\/index.php?rest_route=\/wp\/v2\/product\/13","targetHints":{"allow":["GET"]}}],"collection":[{"href":"https:\/\/wc.stage.a3shop.eu\/index.php?rest_route=\/wp\/v2\/product"}],"about":[{"href":"https:\/\/wc.stage.a3shop.eu\/index.php?rest_route=\/wp\/v2\/types\/product"}],"replies":[{"embeddable":true,"href":"https:\/\/wc.stage.a3shop.eu\/index.php?rest_route=%2Fwp%2Fv2%2Fcomments&post=13"}],"wp:featuredmedia":[{"embeddable":true,"href":"https:\/\/wc.stage.a3shop.eu\/index.php?rest_route=\/wp\/v2\/media\/14"}],"wp:attachment":[{"href":"https:\/\/wc.stage.a3shop.eu\/index.php?rest_route=%2Fwp%2Fv2%2Fmedia&parent=13"}],"wp:term":[{"taxonomy":"product_brand","embeddable":true,"href":"https:\/\/wc.stage.a3shop.eu\/index.php?rest_route=%2Fwp%2Fv2%2Fproduct_brand&post=13"},{"taxonomy":"product_cat","embeddable":true,"href":"https:\/\/wc.stage.a3shop.eu\/index.php?rest_route=%2Fwp%2Fv2%2Fproduct_cat&post=13"},{"taxonomy":"product_tag","embeddable":true,"href":"https:\/\/wc.stage.a3shop.eu\/index.php?rest_route=%2Fwp%2Fv2%2Fproduct_tag&post=13"}],"curies":[{"name":"wp","href":"https:\/\/api.w.org\/{rel}","templated":true}]}}