{"id":145,"date":"2024-09-26T07:46:30","date_gmt":"2024-09-26T05:46:30","guid":{"rendered":"https:\/\/wc.stage.a3shop.eu\/?post_type=product&#038;p=145"},"modified":"2025-11-12T14:58:17","modified_gmt":"2025-11-12T13:58:17","slug":"one-touch-fresh-370-ml","status":"publish","type":"product","link":"https:\/\/wc.stage.a3shop.eu\/?product=one-touch-fresh-370-ml","title":{"rendered":"One Touch Fresh 370 ml"},"content":{"rendered":"<div id=\"tab-description\" class=\"woocommerce-Tabs-panel woocommerce-Tabs-panel--description panel entry-content wc-tab\" role=\"tabpanel\" aria-labelledby=\"tab-title-description\">\n<h2>Popis<\/h2>\n<p>One Touch Fresh 370 ml\u2122 je vybaven\u00fd inovat\u00edvnym One Touch uzatv\u00e1rac\u00edm syst\u00e9mom, ktor\u00fd umo\u017e\u0148uje \u013eahk\u00e9 otvorenie a uzavretie n\u00e1doby prostredn\u00edctvom jednoduch\u00e9ho stla\u010denia, \u010do je pod\u010diarknut\u00e9 jemn\u00fdm, ale zrete\u013en\u00fdm cvaknut\u00edm. V\u010faka pou\u017eitiu prieh\u013eadn\u00e9ho materi\u00e1lu n\u00e1doba nielen \u017ee esteticky zapad\u00e1 do ka\u017edej kuchyne, ale tie\u017e umo\u017e\u0148uje r\u00fdchlu a nen\u00e1ro\u010dn\u00fa identifik\u00e1ciu ulo\u017een\u00fdch potrav\u00edn, \u010d\u00edm u\u013eah\u010duje ka\u017edodenn\u00e9 pou\u017e\u00edvanie.<\/p>\n<p>Vzduchotesn\u00e9 veko zabezpe\u010duje, \u017ee potraviny zostan\u00fa dlhodobo \u010derstv\u00e9 a chr\u00e1nen\u00e9 pred vonkaj\u0161\u00edmi vplyvmi. Produkt je navrhnut\u00fd s oh\u013eadom na modul\u00e1rnos\u0165 a stohovate\u013enos\u0165, \u010do v\u00e1m umo\u017en\u00ed optimalizova\u0165 priestor v \u0161pajze \u010di chladni\u010dke a dosiahnu\u0165 tak maxim\u00e1lnu \u00fa\u010dinnos\u0165 a organiz\u00e1ciu. One Touch Fresh\u2122 n\u00e1doby s\u00fa dostupn\u00e9 v r\u00f4znych ve\u013ekostiach, poskytuj\u00fa v\u0161estrann\u00e9 pou\u017eitie a adaptabilitu pre v\u0161etky va\u0161e potreby <a href=\"https:\/\/www.tupperwarenitra.sk\/produkt\/skladacia-miska-15-l\/\">skladovania<\/a> potrav\u00edn.<\/p>\n<p><strong>Prednosti One Touch Fresh 370 ml<\/strong><\/p>\n<ul>\n<li aria-level=\"1\">One Touch\u2122 uzatv\u00e1rac\u00ed syst\u00e9m: Vie\u010dka sa \u013eahko otv\u00e1raj\u00fa a uzatv\u00e1raj\u00fa prostredn\u00edctvom jednoduch\u00e9ho stla\u010denia, ktor\u00e9 je potvrden\u00e9 zrete\u013en\u00fdm cvaknut\u00edm.<\/li>\n<li aria-level=\"1\">Prieh\u013eadn\u00fd materi\u00e1l: Umo\u017e\u0148uje r\u00fdchlu identifik\u00e1ciu obsahu n\u00e1doby.<\/li>\n<li aria-level=\"1\">Vzduchotesnos\u0165: Minim\u00e1lny pr\u00edstup vlhkosti k potravin\u00e1m.<\/li>\n<li aria-level=\"1\">Modul\u00e1rnost a stohovate\u013enos\u0165: Navrhnut\u00e9 tak, aby zefekt\u00edv\u0148ovali usporiadanie v \u0161pajze alebo chladni\u010dke.<\/li>\n<li aria-level=\"1\">R\u00f4zne ve\u013ekosti: Dostupn\u00e9 v r\u00f4znych ve\u013ekostiach pre v\u0161estrann\u00e9 pou\u017eitie.<\/li>\n<\/ul>\n<p><strong>Vyu\u017eitie One Touch Fresh 370 ml<\/strong><\/p>\n<ul>\n<li>Skladovanie cere\u00e1li\u00ed, m\u00faky, cukru a in\u00fdch such\u00fdch potrav\u00edn.<\/li>\n<li>Skladovanie ovocia, zeleniny a jedla v chladni\u010dke.<\/li>\n<li>Ide\u00e1lne pre milovn\u00edkov bezobalov\u00e9ho nakupovania a zero waste \u017eivotn\u00e9ho \u0161t\u00fdlu.<\/li>\n<\/ul>\n<p><strong>Pre\u010do si vybra\u0165 tento produkt ?<\/strong><\/p>\n<ul>\n<li aria-level=\"1\">Optimalizujte priestor: Vyu\u017e\u00edvajte modul\u00e1rny a stohovate\u013en\u00fd dizajn n\u00e1dob na maxim\u00e1lnu efektivitu usporiadania v chladni\u010dke a \u0161pajze.<\/li>\n<li aria-level=\"1\">Rozli\u0161ujte potraviny: Vyu\u017e\u00edvajte prieh\u013eadn\u00fd materi\u00e1l n\u00e1dob na \u013eahk\u00fa identifik\u00e1ciu a pr\u00edstup k potravin\u00e1m.<\/li>\n<li aria-level=\"1\">Jednoduchos\u0165 pou\u017eitia: Syst\u00e9m One Touch\u2122 je jednoduch\u00fd na pou\u017eitie pre v\u0161etk\u00fdch \u010dlenov rodiny.<\/li>\n<li aria-level=\"1\">Kvalita Tupperware: Vyroben\u00e9 z odoln\u00fdch materi\u00e1lov pre dlhodob\u00e9 pou\u017e\u00edvanie.<\/li>\n<\/ul>\n<p><strong>Starostlivos\u0165<\/strong><\/p>\n<ul>\n<li aria-level=\"1\">Vhodn\u00e9 do um\u00fdva\u010dky riadov.<\/li>\n<li aria-level=\"1\">Nevhodn\u00e9 do mrazni\u010dky.<\/li>\n<li aria-level=\"1\">Nevhodn\u00e9 do mikrovlnnej r\u00fary.<\/li>\n<li aria-level=\"1\">Nevhodn\u00e9 do r\u00fary.<\/li>\n<\/ul>\n<p><strong>Bezpe\u010dnos\u0165<\/strong><\/p>\n<p>Ka\u017ed\u00fd Tupperware v\u00fdrobok, ktor\u00fd pr\u00edde do styku s potravinami, sa vyr\u00e1ba z materi\u00e1lov vhodn\u00fdch pre styk s potravinami, ktor\u00e9 schv\u00e1lili najuzn\u00e1venej\u0161ie riadiace org\u00e1ny ako je <a href=\"https:\/\/www.efsa.europa.eu\/en\" target=\"_blank\" rel=\"noopener noreferrer\">Eur\u00f3psky \u00farad pre bezpe\u010dnos\u0165 potrav\u00edn<\/a> (EFSA).<\/p>\n<\/div>\n","protected":false},"excerpt":{"rendered":"<p>One Touch Fresh\u2122 s\u00fa \u0161pi\u010dkov\u00e9 multifunk\u010dn\u00e9 n\u00e1doby na potraviny, ktor\u00e9 s\u00fa ide\u00e1lne na skladovanie v \u0161pajze a chladni\u010dke. T\u00e1to inovat\u00edvna n\u00e1doba s patentovan\u00fdm One Touch Fresh\u2122\u00a0uzatv\u00e1rac\u00edm syst\u00e9mom je navrhnut\u00e1 tak, aby zabezpe\u010dovala \u00fa\u010dinn\u00fa organiz\u00e1ciu a dlhodob\u00fa \u010derstvos\u0165 potrav\u00edn, a to v\u010faka inteligentn\u00fdm vlastnostiam a \u0161t\u00fdlov\u00e9mu dizajnu, ktor\u00fd bol ocenen\u00fd <a href=\"https:\/\/ifdesign.com\/en\/winner-ranking\/project\/one-touch-fresh\/568715\" target=\"_blank\" rel=\"noopener noreferrer\">iF Design Award<\/a>.<\/p>\n","protected":false},"featured_media":146,"comment_status":"open","ping_status":"closed","template":"","meta":[],"product_brand":[],"product_cat":[15],"product_tag":[],"class_list":{"0":"post-145","1":"product","2":"type-product","3":"status-publish","4":"has-post-thumbnail","6":"product_cat-nezaradene","8":"first","9":"outofstock","10":"sale","11":"taxable","12":"shipping-taxable","13":"purchasable","14":"product-type-simple"},"_links":{"self":[{"href":"https:\/\/wc.stage.a3shop.eu\/index.php?rest_route=\/wp\/v2\/product\/145","targetHints":{"allow":["GET"]}}],"collection":[{"href":"https:\/\/wc.stage.a3shop.eu\/index.php?rest_route=\/wp\/v2\/product"}],"about":[{"href":"https:\/\/wc.stage.a3shop.eu\/index.php?rest_route=\/wp\/v2\/types\/product"}],"replies":[{"embeddable":true,"href":"https:\/\/wc.stage.a3shop.eu\/index.php?rest_route=%2Fwp%2Fv2%2Fcomments&post=145"}],"wp:featuredmedia":[{"embeddable":true,"href":"https:\/\/wc.stage.a3shop.eu\/index.php?rest_route=\/wp\/v2\/media\/146"}],"wp:attachment":[{"href":"https:\/\/wc.stage.a3shop.eu\/index.php?rest_route=%2Fwp%2Fv2%2Fmedia&parent=145"}],"wp:term":[{"taxonomy":"product_brand","embeddable":true,"href":"https:\/\/wc.stage.a3shop.eu\/index.php?rest_route=%2Fwp%2Fv2%2Fproduct_brand&post=145"},{"taxonomy":"product_cat","embeddable":true,"href":"https:\/\/wc.stage.a3shop.eu\/index.php?rest_route=%2Fwp%2Fv2%2Fproduct_cat&post=145"},{"taxonomy":"product_tag","embeddable":true,"href":"https:\/\/wc.stage.a3shop.eu\/index.php?rest_route=%2Fwp%2Fv2%2Fproduct_tag&post=145"}],"curies":[{"name":"wp","href":"https:\/\/api.w.org\/{rel}","templated":true}]}}